(((-16)/70)/4) is divided by j.
11
Let o(s) be the first derivative of 55*s**2/2 - 10. Calculate the remainder when o(1) is divided by 29.
26
Suppose -9*u + 13*u = -w + 139, 3*u - 107 = 2*w. Suppose 3*o - 4*g = 18, o - 3*g = 5*o - 24. What is the remainder when u is divided by o?
5
Suppose 0 = 5*h + 25, 4*z + 2*h = -0*h + 186. Suppose -3*l - 4 + 20 = a, a - 4*l = 9. What is the remainder when z is divided by a?
10
Suppose -3*o - 3*l + 81 = 0, 5*o = 3*l + 53 + 50. Calculate the remainder when 74 is divided by o.
5
Let h(t) = 31*t + 16. Let b be h(3). Suppose -9*n + 296 = -b. Let c(l) = 12*l**2. What is the remainder when n is divided by c(-1)?
9
Let l = 45 + -36. Suppose 0 = -2*r - r - 33. Let d = -8 - r. What is the remainder when l is divided by d?
0
Calculate the remainder when 154 is divided by (5 + 1)*(-702)/(-81).
50
Let x = 4 + 9. What is the remainder when (-11 - -12) + 4/2 + 112 is divided by x?
11
Let i = -15 + 30. Let g(v) = -8*v + 3. Let c be g(2). Let n = 22 + c. What is the remainder when i is divided by n?
6
Suppose -13*c = -28*c + 1245. What is the remainder when 412 is divided by c?
80
Suppose -3155 - 4849 = -69*i. What is the remainder when i is divided by 10?
6
Let h(k) = -5*k**3 + 156*k**2 - 32*k + 39. What is the remainder when 637 is divided by h(31)?
5
Let a be (-3)/(-9)*165/(-5). Let p(v) = v**2 + 10*v - 10. Let t(y) = y**3 + 4*y**2 - y - 3. Calculate the remainder when p(a) is divided by t(-4).
0
Let l(g) = -3*g**3 - 7*g**2 + 9*g + 14. What is the remainder when l(-6) is divided by 60?
56
Calculate the remainder when 21 is divided by 1 + 1 - (18 + -21).
1
Suppose -73 = -2*t + s, -4*t = -5*t + 5*s + 50. What is the remainder when ((-12)/15 - 0)/((-2)/t) is divided by 8?
6
Let m(x) = -8*x - 2. Let t be (-4)/(-18) + ((-254)/9 - 1). Let h = 37 + t. What is the remainder when m(-4) is divided by h?
6
Let f(j) = 8*j + j + j + 1. Calculate the remainder when f(7) is divided by 36.
35
Suppose -5*g + t + 49 = -0*g, 17 = g - 2*t. Let c = 13 - g. Suppose -4 - c = -2*k. Calculate the remainder when 15 is divided by k.
3
What is the remainder when (-10)/(-35) - (-3459)/21 is divided by 42?
39
Suppose 3*f - 15 = o, 8*o + 10 = 3*o + 2*f. Calculate the remainder when (13 - -18) + o/(3 + -1) is divided by 9.
4
Let m(g) = g**3 - 3*g + 3. Let a be m(2). Suppose 22 = 5*l + d, 3*d - 10 = -a*l + 6. Suppose -7*q - l = -8*q. What is the remainder when 16 is divided by q?
1
Let c(r) = -r**3 + 10*r**2 + 11. Suppose -8*w = -13*w + 20. Suppose w*d + 0*d = 40. Calculate the remainder when c(d) is divided by 4.
3
Suppose 0 = 4*s - s - 153. Let h = -39 + s. Calculate the remainder when 21 is divided by h.
9
Suppose -5*x - 18 = -3. Calculate the remainder when x + 4 + -2 + 1*72 is divided by (4/(-16))/(1/(-148)).
34
Let u(m) = -3*m**3 - 3*m**2 + 3*m - 3. Let n = 11 + -6. Suppose l = -4*j + n, j - 3 = -1. What is the remainder when u(l) is divided by 15?
12
Let x be (1/2)/(16/64). Suppose -5*j - 5*o + 90 = 0, x*j + j = -2*o + 52. Calculate the remainder when j is divided by 9.
7
Let a(h) = 9*h**2 + h - 2. Let m be a(1). Let q(t) = t + 5. Calculate the remainder when 36 is divided by q(m).
10
Let k(x) = x**2 + 16*x + 71. Calculate the remainder when k(-13) is divided by (-5)/(5/(-18)) - 1.
15
Calculate the remainder when 12 is divided by (18/4)/((-120)/(-80)).
0
Let p = -1 - -6. Let y(a) = -16*a**2 - a - 2. Let q be y(-1). Let x = 30 + q. What is the remainder when x is divided by p?
3
Suppose -171*b + 225*b = 3726. Let k(u) = -u**3 - 4*u**2 - 4*u - 4. Calculate the remainder when b is divided by k(-4).
9
Let i = -5 + 8. Suppose 9 - 3 = i*r. Suppose -24*q - 10 = -34. What is the remainder when r is divided by q?
0
Suppose 120 = 5*q + 4*b, -b - 23 = -q - 2*b. Suppose 3*g - 5*g + q = 0. Calculate the remainder when 54 is divided by g.
12
Suppose 0 = n + 3, 159*n = -3*g + 160*n + 12. What is the remainder when (-58)/(-3) + (-4)/(-6) is divided by g?
2
Suppose -19*j + 1680 = 5*j. Calculate the remainder when j is divided by 18.
16
Suppose 34 = 5*v + 9. Suppose 0 = 5*t - 2*b + b - 1895, -v*b + 1545 = 4*t. Let s = t + -219. Calculate the remainder when s is divided by 41.
38
Let p(b) = b**2 - 7*b. Calculate the remainder when p(10) is divided by (12/(-75)*-20)/(6/15).
6
Let c(w) be the first derivative of w**4/2 + 19*w**3 + 27*w**2/2 - 10*w - 27. Calculate the remainder when 52 is divided by c(-28).
16
Suppose 2*y - g - 14 = -4*g, -2*y + 18 = 4*g. What is the remainder when 50 is divided by (y - -1)*65/10?
11
Suppose -5*b + 2*b = -39. Suppose -3*w + 20 = -2*y, y = -61*w + 66*w - 24. What is the remainder when b is divided by w?
1
Suppose 5*l + 12 + 7 = -2*c, -2*c = -l - 11. Suppose 4*r - c*t + 8*t - 163 = 0, t + 1 = 0. Calculate the remainder when r is divided by 22.
20
Calculate the remainder when 829 is divided by ((-65)/26)/((-20)/664).
82
Let m(b) = 18*b - 13*b - 5*b - b**2 + 18. Calculate the remainder when 89 is divided by m(0).
17
Let k(r) = r**2 + 2*r - 3. Suppose 0 = -2*f - 3*v - v + 18, -5*f - v = -27. Suppose f = 2*z - 11. Calculate the remainder when k(z) is divided by 20.
17
Calculate the remainder when 11190/180 - 5/(-6) is divided by 11.
8
Let p = 142 - 80. Suppose -4*z + 86 = -p. What is the remainder when z is divided by 10?
7
Let x(l) = l**2 + 13*l - 102. Calculate the remainder when x(8) is divided by 15.
6
Let d = -6 - -32. Let h(t) = -18*t - 4. What is the remainder when d is divided by h(-1)?
12
Let t = -12 + 20. Let r be (8/t)/((-1)/(-282)). What is the remainder when (-2)/(-4) + r/4 is divided by 24?
23
Let j(t) = -t**3 - 19*t**2 + 14*t - 15. Calculate the remainder when j(-20) is divided by 10.
5
Let n = -1 + 6. Suppose 0 = 4*t + f - 29, 5*t - 12 = 4*f + 19. Suppose 0 = t*m - 67 - 101. Calculate the remainder when m is divided by n.
4
Suppose 107 = l + 42. What is the remainder when l is divided by 5?
0
Suppose -l + 61 = -5*f, -2*l - f + 93 = 15. Calculate the remainder when l is divided by 6.
5
Let d = -2101 + 2134. What is the remainder when 506 is divided by d?
11
Suppose -3*i - 39 = -2*x + 13, x = 2. Let a = i + 29. Calculate the remainder when 62 is divided by a.
10
Let d be (6 + 0)*4/6. Suppose 22*y - y = 420. Suppose 6*s - y = d*s. What is the remainder when 29 is divided by s?
9
What is the remainder when ((-485)/(-15))/(10 - 1432/144) is divided by 53?
52
Calculate the remainder when 4 - (1454/(-12) - (-20)/(-24)) is divided by 6.
0
Calculate the remainder when 2/17 + 9920/68 is divided by 25.
21
Suppose -19*q = 10*q - 4031. What is the remainder when q is divided by 4?
3
Let l = -269 + 313. Calculate the remainder when 439 is divided by l.
43
Let l(d) = -d**3 + d**2 - d + 1. Let u(w) = w**3 - 7*w**2 + 5*w - 4. Let f(m) = -2*l(m) - u(m). What is the remainder when 99 is divided by f(-5)?
14
Suppose 4*v - v = s - 17, 3*s + 4*v + 14 = 0. What is the remainder when (24/144)/(4/168) - 0 is divided by s?
1
Let z be (4/(-12))/1*3. Let r(u) = -u**3 - 2*u**2 - u. Let i be r(z). Suppose 5*c = -5*j + 50, i*j - 10 = 2*j. Calculate the remainder when 42 is divided by c.
12
Suppose 31958*p = 31944*p + 980. Let c be 3*(1 + (-250)/6). Calculate the remainder when p is divided by c/(-5) - 2/5.
22
Suppose 8*c - 11*c - 6 = 0. Let p = c + 8. Calculate the remainder when 45 is divided by (4/p)/(1/24).
13
Let x = -1098 + 1176. Calculate the remainder when x is divided by 12.
6
Let i = 20 - -36. Calculate the remainder when i is divided by 108/(-18)*(-20)/8.
11
Let z(x) = x**2 + 13*x - 27. Let k be z(-15). Suppose -k*c + 3*w + 27 = 3, -2*w - 1 = c. What is the remainder when c is divided by 2?
1
Let n(h) = h**3 - 5*h**2 + 2*h - 8. Let v = 1694 + -1680. What is the remainder when n(6) is divided by v?
12
Let i(t) = -3*t**3 - 18*t**2 + 13*t - 9. What is the remainder when 798 is divided by i(-7)?
46
Let r = -227 - -335. Calculate the remainder when r is divided by 24.
12
Suppose -3*h = -3*t, 11*t - 6*t - 30 = -5*h. Calculate the remainder when 197 is divided by 3/(180/(-66) + h).
10
Suppose -18 + 7 = -t. Let g be 9 - (60/42)/(4/14). Suppose 0 = l - 0*j + 4*j - 19, 0 = 2*l - g*j - 2. Calculate the remainder when t is divided by l.
4
Let o = 105 + -65. Let d(x) = -2*x - 16. Let b be d(-15). What is the remainder when o is divided by b*2/(2/1)?
12